{"id":147,"date":"2022-05-12T15:50:34","date_gmt":"2022-05-12T13:50:34","guid":{"rendered":"https:\/\/www.monia-grabow.de\/?page_id=147"},"modified":"2022-05-13T14:17:59","modified_gmt":"2022-05-13T12:17:59","slug":"curriculum-vitae","status":"publish","type":"page","link":"https:\/\/www.monia-grabow.de\/index.php\/fr\/curriculum-vitae\/","title":{"rendered":"Curriculum Vitae"},"content":{"rendered":"<h6>Activit\u00e9s professionnelles<\/h6>\n<p><strong>03\/2022\u00a0 \u00a0 \u00a0 \u00a0 \u00a0 \u00a0 \u00a0 \u00a0 \u00a0 \u00a0 Stage au Parlement Europ\u00e9en, Bruxelles, Belgique<\/strong><\/p>\n<p>Participation aux r\u00e9unions pl\u00e9ni\u00e8res et groupes parlementaires, participation aux r\u00e9unions avec les parties prenantes, entretiens avec le personnel du service scientifique du Parlement Europ\u00e9en, t\u00e2ches administratives pour le bureau du d\u00e9put\u00e9.<\/p>\n<p><strong>10\/2017 \u2013 09\/2021\u00a0 Doctorante \u00e0 l\u2019Universit\u00e9 Bretagne Sud (UBS), Lorient, France<br \/>\n<\/strong><\/p>\n<p>Sujet de th\u00e8se : Contribution \u00e0 l\u2019\u00e9tude des r\u00e9sistances en compression et au d\u00e9laminage de composites stratifi\u00e9s \u00e0 fibres continues dans le contexte du nautisme de comp\u00e9tition.<\/p>\n<p><strong>2019\u00a0 \u00a0 \u00a0 \u00a0 \u00a0 \u00a0 \u00a0 \u00a0 \u00a0 \u00a0 \u00a0 \u00a0 \u00a0 Mise en place d\u2019une coop\u00e9ration de recherche internationale, TU Kaiserslautern, UBS Lorient<\/strong><\/p>\n<p>Organisation des rencontres entre professeurs de l\u2019Universit\u00e9 Bretagne Sud (UBS) et de l\u2019Universit\u00e9 Technique de Kaiserslautern (TUK) sur les deux sites universitaires<br \/>\nR\u00e9sultat: Coop\u00e9ration de recherche internationale travaillant sur les verres m\u00e9talliques<\/p>\n<p><strong>10\/2016 \u2013 01\/2017\u00a0 \u00a0Stage \u00e0 l\u2019Institut de Recherche Dupuy de L\u00f4me (IRDL), Lorient, France<br \/>\n<\/strong><\/p>\n<p>Mod\u00e9lisation num\u00e9rique de la torsion d\u2019un stratifi\u00e9 composite<\/p>\n<p><strong>09\/2016 \u2013 08\/2020\u00a0 \u00a0 Enseignante d\u2019allemand \u00e0\u00a0 l&#8217;Universit\u00e9 Bretagne Sud, Lorient, France<\/strong><\/p>\n<p><strong>10\/2015 \u2013 03\/2016\u00a0 \u00a0 Projet de fin d&#8217;\u00e9tudes Universidade Federal do Rio Grande do Norte, Natal, Br\u00e9sil<\/strong><\/p>\n<p>R\u00e9alisation du projet de fin d\u2019\u00e9tudes \u00e0 l\u2019University Federal of Rio Grande do Norte (UFRN) \u00e0 Natal (Br\u00e9sil). Projet de fin d\u2019\u00e9tudes r\u00e9alis\u00e9 en partenariat avec le constructeur a\u00e9ronautique EMBRAER.<br \/>\nTitre : Investigation of the wettability of a Nitinol shape memory alloy by eutectic aluminium based alloys for developing selfrepairing metal-matrix-composites (MMC) for aeronautical purposes.<\/p>\n<p><strong>09\/2013 \u2013 01\/2014\u00a0 \u00a0 Stage chez SAFRAN Aircelle au Havre (aujourd\u2019hui SAFRAN Nacelles), Le Havre, France<\/strong><\/p>\n<p>R\u00e9organisation du processus d\u2019assemblage de l\u2019inverseur de pouss\u00e9e de l\u2019A320 (gestion de projet, lean manufacturing, statistical process control).<br \/>\nR\u00e9sultat : R\u00e9alisation d\u2019une \u00e9conomie d\u2019un nombre \u00e0 six chiffres par an et par demi-inverseur de pouss\u00e9e.<\/p>\n<p><strong>02\/2011 \u2013 06\/2012\u00a0 \u00a0 Assistante de recherche \u00e0 la chaire de la thermodynamique \u00e0 l&#8217;Universit\u00e9 Technique de Kaiserslautern,\u00a0Kaiserslautern, Allemagne<\/strong><\/p>\n<p>Recherche et travail en laboratoire.<\/p>\n<p><strong>08\/2009 \u2013 09\/2009\u00a0 \u00a0 \u00a0Stage chezi Auto Hofmann Walldorf GmbH, Allemagne<\/strong><\/p>\n<h6><span style=\"line-height: 1.5;\">Formation<\/span><\/h6>\n<p><strong>10\/2017 \u2013 09\/2021\u00a0 \u00a0 Doctorante \u00e0 l\u2019Universit\u00e9 Bretagne Sud, Lorient, France, Dr.-Ing. <\/strong><\/p>\n<p><strong>09\/2016 \u2013 08\/2017\u00a0 \u00a0 Master 2 Recherche en M\u00e9canique et G\u00e9nie Civil\u00a0 \u00e0 l\u2019Universit\u00e9 Bretagne Sud, Lorient, France, Master<\/strong><\/p>\n<p>Sujet: \u00c9tude de faisabilit\u00e9 de la d\u00e9termination des propri\u00e9t\u00e9s d\u2019\u00e9lasticit\u00e9 de fibres de carbone par indentation instrument\u00e9e<\/p>\n<p><strong>09\/2012 \u2013 08\/2016\u00a0 \u00a0 \u00a0Etudes \u00e0 l\u2019\u00c9cole Nationale d&#8217;Ing\u00e9nieurs de Metz, Metz, France, Dipl. Ing.<\/strong><\/p>\n<p>Double-cursus franco-allemand en G\u00e9nie M\u00e9canique<\/p>\n<p><strong>10\/2009 \u2013 03\/2016\u00a0 \u00a0 Etudes \u00e0 l\u2019Universit\u00e9 Technique de Kaiserslautern, Kaiserslautern, Allemagne, Dipl.-Ing.<\/strong><\/p>\n<p>Double-cursus franco-allemand en G\u00e9nie M\u00e9canique et G\u00e9nie des Proc\u00e9d\u00e9s<\/p>\n<p><strong>09\/2000 \u2013 06\/2009\u00a0 \u00a0 Baccalaur\u00e9at g\u00e9n\u00e9ral<\/strong><br \/>\nOttheinrich-Gymnasium Wiesloch, Wiesloch, Allemgane<\/p>\n<h6>Comp<strong>\u00e9tences<\/strong><\/h6>\n<p><strong>Langues<\/strong>: Allemand (langue maternelle); Fran\u00e7ais (bilingue); Englisch (couramment); russe (connaissances de base); langue des signes (connaissances de base)<\/p>\n<p><strong>Informatik<\/strong>: Abaqus, Microsoft Office, Open Office, LaTeX, GanttProject, Linux, Python, Solidworks<\/p>\n<h6>Int\u00e9r\u00eats &amp; Autre<\/h6>\n<p><strong>natation, handball, semi-marathon, apiculture, lecture et randonn\u00e9e<\/strong><\/p>\n<p><strong>2020 \u2013 2021\u00a0 \u00a0 Sport associatif <\/strong>au HBC (Handball Club Bannalec)<\/p>\n<p><strong>2000 \u2013 2009\u00a0 \u00a0 Sport associatif <\/strong>au TSG (Turn- et Sportgemeinschaft) Wiesloch, division handball<\/p>\n<p><strong>1996 \u2013 2009\u00a0\u00a0\u00a0 Sport associatif <\/strong>au TSG (Turn- et Sportgemeinschaft)\u00a0 Wiesloch, division natation, puis entra\u00eeneur et participation aux formations continues<\/p>\n","protected":false},"excerpt":{"rendered":"<p>Activit\u00e9s professionnelles 03\/2022\u00a0 \u00a0 \u00a0 \u00a0 \u00a0 \u00a0 \u00a0 \u00a0 \u00a0 \u00a0 Stage au Parlement Europ\u00e9en, Bruxelles, Belgique Participation aux r\u00e9unions pl\u00e9ni\u00e8res et groupes parlementaires, participation aux r\u00e9unions avec les parties prenantes, entretiens avec le personnel du service scientifique du Parlement Europ\u00e9en, t\u00e2ches administratives pour le bureau du d\u00e9put\u00e9. 10\/2017 \u2013 09\/2021\u00a0 Doctorante \u00e0 l\u2019Universit\u00e9..<\/p>\n<p><a class=\"btn btn-default read-more\" href=\"https:\/\/www.monia-grabow.de\/index.php\/fr\/curriculum-vitae\/\">Read more <span class=\"fa fa-angle-right\"><\/span><\/a><\/p>\n","protected":false},"author":4,"featured_media":0,"parent":0,"menu_order":2,"comment_status":"closed","ping_status":"closed","template":"","meta":{"footnotes":""},"class_list":["post-147","page","type-page","status-publish","hentry"],"_links":{"self":[{"href":"https:\/\/www.monia-grabow.de\/index.php\/wp-json\/wp\/v2\/pages\/147","targetHints":{"allow":["GET"]}}],"collection":[{"href":"https:\/\/www.monia-grabow.de\/index.php\/wp-json\/wp\/v2\/pages"}],"about":[{"href":"https:\/\/www.monia-grabow.de\/index.php\/wp-json\/wp\/v2\/types\/page"}],"author":[{"embeddable":true,"href":"https:\/\/www.monia-grabow.de\/index.php\/wp-json\/wp\/v2\/users\/4"}],"replies":[{"embeddable":true,"href":"https:\/\/www.monia-grabow.de\/index.php\/wp-json\/wp\/v2\/comments?post=147"}],"version-history":[{"count":16,"href":"https:\/\/www.monia-grabow.de\/index.php\/wp-json\/wp\/v2\/pages\/147\/revisions"}],"predecessor-version":[{"id":262,"href":"https:\/\/www.monia-grabow.de\/index.php\/wp-json\/wp\/v2\/pages\/147\/revisions\/262"}],"wp:attachment":[{"href":"https:\/\/www.monia-grabow.de\/index.php\/wp-json\/wp\/v2\/media?parent=147"}],"curies":[{"name":"wp","href":"https:\/\/api.w.org\/{rel}","templated":true}]}}