{"id":150,"date":"2022-05-12T15:51:32","date_gmt":"2022-05-12T13:51:32","guid":{"rendered":"https:\/\/www.monia-grabow.de\/?page_id=150"},"modified":"2022-05-13T11:13:58","modified_gmt":"2022-05-13T09:13:58","slug":"curriculum-vitae-2","status":"publish","type":"page","link":"https:\/\/www.monia-grabow.de\/index.php\/en\/curriculum-vitae-2\/","title":{"rendered":"Curriculum Vitae"},"content":{"rendered":"<h6>Professional experience<\/h6>\n<p><strong>03\/2022\u00a0 \u00a0 \u00a0 \u00a0 \u00a0 \u00a0 \u00a0 \u00a0 \u00a0 \u00a0 \u00a0 Internship at the European Parliament, Brussels, Belgium<\/strong><\/p>\n<p>Participation in plenary and parliamentary group meetings and meetings with stakeholders, talks with staff of the European Parliament&#8217;s scientific service, administrative tasks for the MEP&#8217;s office.<\/p>\n<p><strong>10\/2017 \u2013 09\/2021\u00a0 \u00a0 PhD candidate at the University of South Brittany (UBS) and at the Research Institute Dupuy De L\u00f4me (IRDL), Lorient, France<\/strong><\/p>\n<p>Topic: Contribution to the investigation of the compressive strength and delamination of continuous fibre laminated composites in the context of competitive sailing<\/p>\n<p><strong>2019\u00a0 \u00a0 \u00a0 \u00a0 \u00a0 \u00a0 \u00a0 \u00a0 \u00a0 \u00a0 \u00a0 \u00a0 \u00a0 \u00a0 Founding of a French-German research cooperation, TUK, UBS Lorient<\/strong><\/p>\n<p>Organisation of meetings between professors from the University of South Brittany and the Technical University of Kaiserslautern (TUK) at both university locations.<\/p>\n<p>Result: International research project on metallic glasses and establishment of an Ersamus+ partnership between the two universities.<\/p>\n<p><strong>10\/2016 \u2013 01\/2017\u00a0 \u00a0 Engineering internship at the Research Institute Dupuy De L\u00f4me (IRDL), Lorient, France<\/strong><\/p>\n<p>Numerical modelling of the torsion of a composite laminate.<\/p>\n<p><strong>09\/2016 \u2013 08\/2020\u00a0 \u00a0 German lecturer at the University of South Brittany, Lorient, France<\/strong><\/p>\n<p><strong>10\/2015 \u2013 03\/2016\u00a0 \u00a0 Master student at the Universidade Federal do Rio Grande do Norte, Natal, Brazil<\/strong><\/p>\n<p>Topic: Investigation of the wettability of a Nitinol shape memory alloy by eutectic aluminium based alloys for developing selfrepairing metal-matrix-composites (MMC) for aeronautical purposes<\/p>\n<p><strong>09\/2013 \u2013 01\/2014\u00a0 \u00a0 Engineering internship at Safran Aircelle (now Safran Nacelles), Le Havre, France<\/strong><\/p>\n<p>Topic: Reorganisation of the assembly process of the A320 thrust reverser (project management, lean manufacturing, statistical process control)<br \/>\nResult: Achieving a six-figure saving per year and per half thrust reverser.<\/p>\n<p><strong>02\/2011 \u2013 06\/2012\u00a0\u00a0\u00a0Research assistant at the Chair of Thermodynamics at the Technical University of Kaiserslautern, Germany<\/strong><\/p>\n<p>Research and laboratory work: processing and visualisation of experimental data, research in the fields of material data thermodynamics and reaction engineering.<\/p>\n<p><strong>08\/2009 \u2013 09\/2009\u00a0 \u00a0 \u00a0Internship at Auto Hofmann Walldorf GmbH, GER<\/strong><\/p>\n<h6><span style=\"line-height: 1.5;\">Education<\/span><\/h6>\n<p><strong>10\/2017 \u2013 09\/2021\u00a0 \u00a0 \u00a0PHD candidate at the University of South Brittany (UBS), Lorient, France, Dr.-Ing. <\/strong><\/p>\n<p><strong>09\/2016 \u2013 08\/2017\u00a0 \u00a0 \u00a0Master 2 research in mechanics and civil engineering, UBS, Lorient, France, Master<\/strong><\/p>\n<p>Topic: Feasibility study to determine the elasticity properties of carbon fibres by instrumented indentation.<br \/>\n(Original title: \u00c9tude de faisabilit\u00e9 de la d\u00e9termination des propri\u00e9t\u00e9s d\u2019\u00e9lasticit\u00e9 de fibres de carbone par indentation instrument\u00e9e)<\/p>\n<p><strong>09\/2012 \u2013 08\/2016\u00a0 \u00a0 \u00a0Studies in mechanical engineering at the \u00c9cole Nationale d&#8217;Ing\u00e9nieurs de Metz, Metz, France, Dipl. Ing.<\/strong><\/p>\n<p>French-German double degree studies<\/p>\n<p><strong>10\/2009 \u2013 03\/2016\u00a0 \u00a0 \u00a0Studies in mechanical and process engineering at the Technical University of Kaiserslautern, Kaiserslautern, Germany, Dipl.-Ing.<\/strong><\/p>\n<p>French-German double degree studies<\/p>\n<p><strong>09\/2000 \u2013 06\/2009\u00a0 \u00a0 \u00a0Baccalaureate at the Ottheinrich-Gymnasium, Wiesloch, Germany<\/strong><\/p>\n<h6>Skills<\/h6>\n<p><strong>Languages<\/strong>: German (native language); French (bilingual); English (fluent); Russisch (basics); sign language (basics)<\/p>\n<p><strong>Informatics<\/strong>: Abaqus, Microsoft Office, Open Office, LaTeX, GanttProject, Linux, Python, Solidworks<\/p>\n<h6>Interest &amp; more<\/h6>\n<p><strong>Sports (running, swimming, handball), sewing, apiculture, travelling and reading<\/strong><\/p>\n<p><strong>2020 &#8211; 2021\u00a0 \u00a0 Club sport <\/strong> at HBC (Handball Club Bannalec)<\/p>\n<p><strong>2000 \u2013 2009\u00a0 \u00a0 Club sport<\/strong> at TSG (Turn- und Sportgemeinschaft) Wiesloch handball division<\/p>\n<p><strong>1996 \u2013 2009\u00a0\u00a0\u00a0 Club sport<\/strong> and afterwards trainer function and advanced training at TSG Wiesloch swimming division<\/p>\n","protected":false},"excerpt":{"rendered":"<p>Professional experience 03\/2022\u00a0 \u00a0 \u00a0 \u00a0 \u00a0 \u00a0 \u00a0 \u00a0 \u00a0 \u00a0 \u00a0 Internship at the European Parliament, Brussels, Belgium Participation in plenary and parliamentary group meetings and meetings with stakeholders, talks with staff of the European Parliament&#8217;s scientific service, administrative tasks for the MEP&#8217;s office. 10\/2017 \u2013 09\/2021\u00a0 \u00a0 PhD candidate at the University..<\/p>\n<p><a class=\"btn btn-default read-more\" href=\"https:\/\/www.monia-grabow.de\/index.php\/en\/curriculum-vitae-2\/\">Read more <span class=\"fa fa-angle-right\"><\/span><\/a><\/p>\n","protected":false},"author":4,"featured_media":0,"parent":0,"menu_order":2,"comment_status":"closed","ping_status":"closed","template":"","meta":{"footnotes":""},"class_list":["post-150","page","type-page","status-publish","hentry"],"_links":{"self":[{"href":"https:\/\/www.monia-grabow.de\/index.php\/wp-json\/wp\/v2\/pages\/150","targetHints":{"allow":["GET"]}}],"collection":[{"href":"https:\/\/www.monia-grabow.de\/index.php\/wp-json\/wp\/v2\/pages"}],"about":[{"href":"https:\/\/www.monia-grabow.de\/index.php\/wp-json\/wp\/v2\/types\/page"}],"author":[{"embeddable":true,"href":"https:\/\/www.monia-grabow.de\/index.php\/wp-json\/wp\/v2\/users\/4"}],"replies":[{"embeddable":true,"href":"https:\/\/www.monia-grabow.de\/index.php\/wp-json\/wp\/v2\/comments?post=150"}],"version-history":[{"count":27,"href":"https:\/\/www.monia-grabow.de\/index.php\/wp-json\/wp\/v2\/pages\/150\/revisions"}],"predecessor-version":[{"id":252,"href":"https:\/\/www.monia-grabow.de\/index.php\/wp-json\/wp\/v2\/pages\/150\/revisions\/252"}],"wp:attachment":[{"href":"https:\/\/www.monia-grabow.de\/index.php\/wp-json\/wp\/v2\/media?parent=150"}],"curies":[{"name":"wp","href":"https:\/\/api.w.org\/{rel}","templated":true}]}}