{"id":2,"date":"2017-03-21T17:24:28","date_gmt":"2017-03-21T16:24:28","guid":{"rendered":"https:\/\/monia-grabow.de\/?page_id=2"},"modified":"2022-05-12T15:54:47","modified_gmt":"2022-05-12T13:54:47","slug":"beispiel-seite","status":"publish","type":"page","link":"https:\/\/www.monia-grabow.de\/","title":{"rendered":"Home"},"content":{"rendered":"<h3>Willkommen auf meiner pers\u00f6nlichen Webseite<\/h3>\n<p>Hier finden Sie Informationen zu mir und meinem bisherigen Werdegang (&gt; <a href=\"https:\/\/monia-grabow.de\/index.php\/lebenslauf\/\">Lebenslauf<\/a>).<\/p>\n<p>Sollten Sie Interesse an einem gemeinsamen Projekt f\u00fcr Wirtschaft oder Forschung im Bereich Verbundwerkstoffe haben, freue ich mich auf eine pers\u00f6nliche Nachricht von Ihnen an\u00a0<a href=\"mailto:info@monia-grabow.de\">info@monia-grabow.de<\/a>. Ich bin besonders an interdiziplin\u00e4ren Themen interessiert.<\/p>\n<p>Herzliche Gr\u00fc\u00dfe<br \/>\n<b>Ihre Monia Grabow<\/b><\/p>\n","protected":false},"excerpt":{"rendered":"<p>Willkommen auf meiner pers\u00f6nlichen Webseite Hier finden Sie Informationen zu mir und meinem bisherigen Werdegang (&gt; Lebenslauf). Sollten Sie Interesse an einem gemeinsamen Projekt f\u00fcr Wirtschaft oder Forschung im Bereich Verbundwerkstoffe haben, freue ich mich auf eine pers\u00f6nliche Nachricht von Ihnen an\u00a0info@monia-grabow.de. Ich bin besonders an interdiziplin\u00e4ren Themen interessiert. Herzliche Gr\u00fc\u00dfe Ihre Monia Grabow<\/p>\n","protected":false},"author":1,"featured_media":0,"parent":0,"menu_order":1,"comment_status":"closed","ping_status":"open","template":"","meta":{"footnotes":""},"class_list":["post-2","page","type-page","status-publish","hentry"],"_links":{"self":[{"href":"https:\/\/www.monia-grabow.de\/index.php\/wp-json\/wp\/v2\/pages\/2","targetHints":{"allow":["GET"]}}],"collection":[{"href":"https:\/\/www.monia-grabow.de\/index.php\/wp-json\/wp\/v2\/pages"}],"about":[{"href":"https:\/\/www.monia-grabow.de\/index.php\/wp-json\/wp\/v2\/types\/page"}],"author":[{"embeddable":true,"href":"https:\/\/www.monia-grabow.de\/index.php\/wp-json\/wp\/v2\/users\/1"}],"replies":[{"embeddable":true,"href":"https:\/\/www.monia-grabow.de\/index.php\/wp-json\/wp\/v2\/comments?post=2"}],"version-history":[{"count":10,"href":"https:\/\/www.monia-grabow.de\/index.php\/wp-json\/wp\/v2\/pages\/2\/revisions"}],"predecessor-version":[{"id":155,"href":"https:\/\/www.monia-grabow.de\/index.php\/wp-json\/wp\/v2\/pages\/2\/revisions\/155"}],"wp:attachment":[{"href":"https:\/\/www.monia-grabow.de\/index.php\/wp-json\/wp\/v2\/media?parent=2"}],"curies":[{"name":"wp","href":"https:\/\/api.w.org\/{rel}","templated":true}]}}